*l - 3*m, 0 = -3*l + 3*m - 9. Give p(l).
8
Let i(c) be the second derivative of -c**8/6720 + c**7/420 - c**6/240 - c**5/120 - 7*c**4/6 - 15*c. Let z(f) be the third derivative of i(f). Give z(5).
9
Suppose 2*z = -2*u + 8, 12 = 4*z + u + u. Let m(y) = -6*y - 3 + 2*y**2 + 0 - 1 - y**z. Calculate m(5).
-9
Let f(t) = t**3 - 6*t**2 + 8*t - 2. Let s(g) = g**2 - 25*g + 117. Let q be s(6). Determine f(q).
-5
Let m(s) be the first derivative of s**4/4 + 5*s**3/3 + 3*s**2/2 + s + 94. What is m(-3)?
10
Let t(k) = -k**3 - 8*k**2 + 6*k - 8. Let i be t(-9). Let g = 21 - i. Let w be (3 + 0 + -3)/g. Let a(j) = j - 2. Give a(w).
-2
Let t(z) be the second derivative of -z**5/20 + 19*z**4/12 + z**3/3 - 20*z**2 - 61*z. Determine t(19).
-2
Suppose -2*a + 36*s - 37*s - 15 = 0, 5*a + 31 = 4*s. Let n(l) = l**3 + 7*l**2 - 2*l - 10. What is n(a)?
4
Suppose -4*d + z - 141 = -4, -d - z - 38 = 0. Let o = 31 + d. Let p(q) = -q**3 - 3*q**2 + 3*q + 4. What is p(o)?
8
Let t(q) = 0*q**2 + 4 + 8*q - q**2 - 13. Suppose 5*p - 4*p - 187 = 0. Suppose 0 = -2*u - 175 + p. Determine t(u).
3
Let p(q) = q + 1. Let b(z) = z**3 + 17*z**2 + 17*z + 14. Let f be b(-16). Let g be 44/(-10) + f/(-5). What is p(g)?
-3
Let p(t) be the first derivative of -7*t**3/3 - t**2 - t - 1. Suppose 5 = -4*w - 3. Let u be 3 + -5 - (1 + w). Give p(u).
-6
Let p(t) = -4*t**3 + 2*t**2 - 1. Let a = 103 - 93. Suppose -8*f = -a*f - 2. Calculate p(f).
5
Let a(c) = c + 1. Let r(n) = -n**2 - 6*n - 4. Let k be r(-3). Give a(k).
6
Let u = -40 - -53. Suppose -37 - 41 = -u*w. Let y(h) = 3*h - 3. Determine y(w).
15
Let f(d) = -d**3 - 7*d**2 - 7*d + 3. Suppose l - p + 4 = 2, 4*p = 8. Suppose 3*n + n - 60 = l. Suppose 2*r + n = -o, -3*r - 3*o - 2*o - 33 = 0. Determine f(r).
9
Let r(t) be the first derivative of -t**4/24 - t**3/6 + t**2 + 16*t - 16. Let n(p) be the second derivative of r(p). What is n(-3)?
2
Let k(p) = -p - 1. Let s(m) = m**2 + 8*m + 11. Let c(o) = -3*k(o) + s(o). What is c(-10)?
4
Let b(n) be the third derivative of n**5/60 + n**4/4 - n**3/6 + n**2 + 6. Let s(w) = 3*w**2 + 17*w - 3. Let a(k) = -8*b(k) + 3*s(k). What is a(2)?
9
Let h be (33/9 + -3)*12. Let x be ((-1)/2)/((-4)/h). Let a(y) = 0*y + 2*y - 7*y - 2*y + x. What is a(-1)?
8
Suppose 0 = -2*o - 24 + 10. Let u(s) = 2*s - 1. Let t be u(1). Let b be -1 + t + (-4 - o). Let a(c) = -c**3 + 2*c**2 + 3*c. Give a(b).
0
Suppose 0 = -4*m - q + 13, -2*m + 5*q = -3*m - 11. Let s be (0 + (-6)/m)*-6. Let a(z) = 1 - 4 + z + 2 + s*z. What is a(1)?
9
Suppose -16*k = 5 - 181. Let v(o) = -o**3 + 11*o**2 - 3. Calculate v(k).
-3
Let w(g) be the first derivative of -3 - 2*g - 1/2*g**2. Let z be (2/(-4))/((-2)/12). Give w(z).
-5
Let v(r) = r**2 - 4*r + 7. Let p = -312 - -316. Give v(p).
7
Let w(f) = 2*f**2 - f + 1. Let u be ((-2)/(-3))/((-7)/(-63)). Suppose p + 0*p - 4*g = -u, 0 = p - 5*g + 8. Give w(p).
7
Let o(l) = 8 - 3*l + 1 - 7 + 4*l. Calculate o(-9).
-7
Let q(g) be the third derivative of -g**6/120 - g**5/6 - 5*g**4/12 + 2*g**3/3 - 9*g**2. Let k(n) = -n**3 + 6*n**2 + 2*n + 26. Let s be k(7). What is q(s)?
13
Suppose -24 = -4*w - 2*w. Let a(h) = -h**2 + 2*h + 8. Let n be a(w). Let s(z) = z + n*z + 0*z + 3 + 5. Determine s(-6).
2
Let z be ((-1)/(-2))/(4/40). Suppose -z*b - 3 = 7. Let v(a) = 2*a**2 + a**3 + 18*a - 17*a - 3*a**2 - 2*a**3. Calculate v(b).
2
Let x(c) = -c**3 + c**2 - 6*c + 1. Let g(l) = 6*l**3 - 4*l**2 + 31*l - 4. Let f(t) = -2*g(t) - 11*x(t). What is f(-4)?
-3
Suppose -45*y - 36 = -48*y. Suppose -28 = y*b - 8*b. Let x(h) = h**3 + 6*h**2 - 7*h - 6. Determine x(b).
-6
Let j(t) = -2*t + 19. Let a be j(7). Let k(c) = c**2 - 6*c + 7. Let f be k(a). Let q(y) = 2*y**3 - 3*y**2 + 2*y - 3. Calculate q(f).
5
Suppose -9*j + 4*j = 3*i - 1, 0 = -4*i + 8. Let m(z) = 9*z**2 - z. Give m(j).
10
Suppose -5*c + 2*q + 41 = 0, -3*c - 10 = -4*c + q. Suppose c - 1 = 3*o. Let f(s) be the second derivative of -s**4/4 + 2*s**3/3 - s**2 + s. What is f(o)?
-6
Let d be 3/((-6)/8)*-4. Suppose 0*s + s + 1 = -2*t, -2*s + d = -2*t. Let z(h) = h**3 - 3*h**2 + 5 + 0*h**2 + 4 + 3*h - s. Calculate z(3).
13
Suppose 0 = 3*q - 2*q + 9. Let x(f) = -3*f**3 - 6*f**2 + 10*f + 1. Let o(h) = -h**3 + h**2. Let k(m) = -2*o(m) + x(m). Give k(q).
-8
Let z(f) be the third derivative of -f**4/3 - f**3 + 291*f**2 - 1. Give z(2).
-22
Let d = -13 + 20. Let t(c) = -6 + c + c + d + 2*c - c**2. Let x = 17 - 15. What is t(x)?
5
Let k(l) be the first derivative of -l**2/2 - 3*l - 84. Calculate k(-5).
2
Let z = 315 + -311. Let q(c) = c + 7. Calculate q(z).
11
Suppose -5*c + 180 = -675. Let v be c/33 + 2/(-11). Suppose 0 = 5*s + 2*t + 16, 0*t = s + t + v. Let w(j) = 2*j**2 + 3*j + 2. Determine w(s).
4
Suppose 0 = -l - 4*o + 21, 2*o - 3 = 4*l + 3. Let d(s) = 8*s**2 + 5*s + 2*s**2 - 5*s. Give d(l).
10
Let h = -38 + 44. Suppose -2*z + h = 2*v, 2*z - z - 5*v = -9. Let d(c) = -4*c**3 - c**2. Determine d(z).
-5
Let c be (7 - 104/16)*-2 + 2. Let b(s) be the first derivative of -17*s**3/3 - s**2 + s - 6. Give b(c).
-18
Let o(f) be the second derivative of f**3/6 + 17*f**2/2 - f + 51. Let l be o(-9). Let r(w) = -w**3 + 9*w**2 - 8*w - 5. What is r(l)?
-5
Let w(h) = 3*h**3 + 2*h**2 + h + 4. Let y be w(-3). Let a be (-3)/(-9) - y/(-6). Let k = 4 + a. Let n(b) = -b**2 - 7*b + 2. What is n(k)?
8
Let r = 490 - 497. Let a(i) = -4*i + 4. Determine a(r).
32
Let t(l) be the second derivative of l**6/360 + l**5/120 + 7*l**4/24 - 19*l**3/6 + 43*l. Let k(j) be the second derivative of t(j). Determine k(0).
7
Let l be (-6)/9*(-18)/(-4). Let u be 3/2*(-4)/l. Let x(p) = p + p**3 + 2*p**2 + 2*p**u + 2*p. Determine x(-2).
2
Suppose 3*f = -3*x + 27, -3*x + 8*x + 2*f = 33. Suppose -x = 3*j + 7. Let l(h) be the second derivative of -h**3/6 - 5*h**2/2 + 17*h. Give l(j).
-1
Let r(v) = v**2 + 6*v - 10. Suppose 136 = 2*h + 150. Give r(h).
-3
Let s(a) = 28 - 11*a + a**2 + 2*a - 6. Let c be s(6). Let i(t) = t**3 - 5*t**2 + 4*t + 5. What is i(c)?
5
Suppose 4*h = 2*v + 14, -h - 10 = -v + 5*v. Let l(n) = -4 - n - h + 0 + 5. Suppose i + 4 = 9. What is l(i)?
-6
Let j = 4/427 + 403/2562. Let w(f) be the second derivative of -j*f**3 + 1/12*f**4 + 1/2*f**2 - 9*f + 0. Give w(-2).
7
Let s = -220 + 221. Let a(h) = 15*h. Determine a(s).
15
Let s be 1/1*-4 - (-33)/3. Let a(u) = -s*u + 40 - 40. Give a(1).
-7
Let u(j) = 0*j**3 - j**3 - 341*j - 304*j - 3 + 639*j + 6*j**2. Let v = -13 - -18. Calculate u(v).
-8
Suppose 3*j - 14 = -2*l, -4*l - 13*j + 18*j = 16. Let x(c) = 12*c**2 - 2*c + 1. Calculate x(l).
11
Let y(k) = k**2 + 5*k - 1. Let c be y(-6). Suppose -n = -x + 2, -3*n = n + c*x + 35. Let l(o) = o**3 + 5*o**2 + o - 2. Give l(n).
-7
Suppose 0 = -280*d + 294*d - 154. Let n(r) = -r**2 + 10*r + 4. Calculate n(d).
-7
Let a(y) = -5*y**2 - 1. Let g = 12 + 22. Let v = g + -35. Calculate a(v).
-6
Let v(c) = -3*c - 13. Let p(d) = -20*d - 75. Let s(z) = -2*p(z) + 13*v(z). Determine s(-9).
-28
Let v(w) = w**3 + 12*w**2 - 12*w + 11. Suppose 0 = 15*j - 67 + 262. Determine v(j).
-2
Let g(w) be the first derivative of -w**6/360 - w**5/120 - 5*w**4/24 - 7*w**3 + 10. Let x(r) be the third derivative of g(r). Determine x(0).
-5
Let c(m) = -22*m**3 + 13*m**3 + 6*m**3 + m**2 + 4 + 1 - m - 3. Determine c(2).
-20
Let l = -344 + 344. Let w(z) = -z**3 + z**2 + z - 10. Calculate w(l).
-10
Let y(c) = 9 + 0*c**2 + 2*c**3 + 40*c + 2*c**2 - 49*c. Let t(m) = 3*m**3 + 5*m**2 - 17*m + 17. Let d(n) = -3*t(n) + 5*y(n). Let l = -2 - -6. Determine d(l).
2
Let p(s) = 4 + s + 0*s - 4*s + 15. Give p(3).
10
Let h be 40/(-22)*176/(-32). Let u(j) = -3*j + 25. Determine u(h).
-5
Let z(w) = -w**2 + 3*w + 6. Let j(a) = -3*a**2 - 69*a + 68. Let x be j(-24). Give z(x).
-22
Let s(v) = -5*v**2 - 3*v - 5. Let r(y) = 2*y - 34. Let u be r(14). Let m(k) = 11*k**2 + 7*k + 11. Let o(b) = u*m(b) - 13*s(b). Calculate o(-2).
1
Let o(i) = i - 7. Suppose 4*f - 2*f + 5*b - 33 = 0, 3*f = 2*b + 2. Suppose -f*x = 3*x - x. What is o(x)?
-7
Let m(v) = -v**3 - 3*v**2 + v - 5. Suppose 8*z = -30 + 502. Let s = 55 - z. Give m(s).
7
Let n be 2/7 + (-290)/(-14). Let y(x) = n*x - x**3 - 4 - 28*x + 9 + 5*x**2 + 2*x**2. What is y(6)?
-1
Let l(t) = -2*t**2 - 9 + 54 - 43. Determine l(0).
2
Let r(l) = -l**2 - 23*l + 3. Let s = -512 - -489. Determine r(s).
3
Let c(l) = 18 + 21 + l - 41. Let m = 530 + -529. Calculate c(m).
-1
Let n(y) = -